 be 2 - (n - (-1 - 2)). Suppose 1318 = p*f + 558. List the prime factors of f.
2, 5, 19
Let i(n) = 54*n - 21. Let a(u) = u**2 - 4*u - 1. Let v be a(5). Suppose 0 = -v*s + 9 - 1. What are the prime factors of i(s)?
3, 29
Suppose 0 = -51*u + 339371 - 88400. What are the prime factors of u?
7, 19, 37
Let b = -108 + 110. Let p = 1 - -3. Suppose v + b*x - 78 = 0, -v - 4*v + 376 = -p*x. List the prime factors of v.
2, 19
Let r = -17 - -17. Suppose -32*n + 34*n - 16 = r. List the prime factors of (-2)/n + 388/16.
2, 3
Suppose 3*j = 4*x - 4426, -13*j - 4428 = -4*x - 9*j. Let w = -643 + x. What are the prime factors of w?
2, 3, 7, 11
Let k(l) = 7443*l**2 + 4*l + 8. Let p be k(-3). Suppose 70*r = 147 + p. What are the prime factors of r?
7, 137
Suppose 2*o + 4*i = 5*i + 40089, -2*i + 2 = 0. List the prime factors of o.
5, 19, 211
Let a(r) = -9*r - 9*r**2 + 27*r**3 + 21*r**3 - 8 - 50*r**3 + 0. Let j be a(-7). Suppose l = 7*l - j. List the prime factors of l.
2, 5
Let k(h) = 2*h**2 - 37*h + 87. Let w be k(15). What are the prime factors of (w/4*2)/((-28)/308)?
3, 11
Let b(k) = -6*k**2 + 6*k + 7092. List the prime factors of b(0).
2, 3, 197
Suppose 0*z + 3*z - 235 = -4*u, 4*u = -5*z + 237. Suppose 0 = u*r - 66*r + 7120. List the prime factors of r.
2, 5, 89
Let u(g) = -g**3 - 4*g**2 - 2*g - 3. Let c be u(-4). Let v be 4/20*28*c. Suppose 4*k + v = 8*k. What are the prime factors of k?
7
Let z(c) = 5004*c**2 - 48*c - 151. What are the prime factors of z(-3)?
37, 1217
Let q = -24 + 24. Suppose -j = 2*a, 2*a + q*a + 4*j = 0. Suppose 0 = 5*x - v - 3*v - 255, 2*x - 3*v - 109 = a. List the prime factors of x.
47
Let k(r) be the third derivative of r**4/24 - 7*r**3/6 + 19*r**2. Let g be k(9). Let m(o) = 35*o + 1. What are the prime factors of m(g)?
71
Let x = -58 - -67. Let k = x - 4. Suppose -170 - 405 = -k*o. List the prime factors of o.
5, 23
Let z = -24 - 6. Let q(i) = 2*i - 1. Let v(f) = -f**2 - 26*f + 47. Let r(c) = -3*q(c) - v(c). What are the prime factors of r(z)?
2
Suppose -5*t + 8 = -o, 6*t = 2*t + 3*o + 13. What are the prime factors of (2/t - (8 + -4)) + 27?
5
Let b(o) = 8*o**3 + 2*o**2 + 13*o + 2. Let w(p) = -2*p**3 + p**2 - 2*p - 1. Let z(n) = b(n) + 6*w(n). What are the prime factors of z(-3)?
173
Suppose 0 = 6*d + 169 - 139. Let i(g) = -2*g**3 + 6*g**2 - 21*g - 19. List the prime factors of i(d).
2, 3
Let a(p) = -p**3 - 22*p**2 + 23*p + 4. Let g be a(-23). Suppose 500 + 532 = 4*y - 2*x, 3*x = -g*y + 1052. List the prime factors of y.
2, 5, 13
Let b = 67965 - 43795. List the prime factors of b.
2, 5, 2417
Suppose 0*p + 16 = 2*f - 2*p, -30 = -4*f + 2*p. What are the prime factors of ((-40)/f)/((-2)/413)?
2, 5, 59
Suppose 3*t + 18*o - 1990 = 17*o, -3*t + 2*o = -1996. What are the prime factors of t?
2, 83
Let k be (-733)/((-2)/12*3). Suppose -5*s + 1114 + k = 0. Suppose -s = -21*z + 18*z. What are the prime factors of z?
2, 43
What are the prime factors of (572/(-6))/(-11 + (-9919)/(-903))?
11, 13, 43
Let z = -3381 + 6200. Suppose 11*v - z = 2945. What are the prime factors of v?
2, 131
Let r be 20/(-25) - (-734)/5. Let z = r - -66. List the prime factors of z.
2, 53
Let l = -12429 + 23825. What are the prime factors of l?
2, 7, 11, 37
Suppose 72*j - 99412 = 14*j. List the prime factors of j.
2, 857
Suppose 17*h + 46*h - 241605 = 0. What are the prime factors of h?
5, 13, 59
Let s(n) = 5848*n**2 - n + 3. List the prime factors of s(-1).
2, 7, 11, 19
Suppose 9*z = -1040 - 8509. Let s = -637 - z. What are the prime factors of s?
2, 53
Let r(f) = 29*f**2 - 6*f + 5. Let o be (6 - (9 + 1))/(-2). List the prime factors of r(o).
109
Let t(b) = -624*b - 9375. What are the prime factors of t(-103)?
3, 29, 631
Let b(f) = 8*f**2 + 23*f - 17. Let g be b(7). Suppose 4*w + 0*w = g. What are the prime factors of ((-24)/(-16))/(3/w)?
67
Suppose -91*q + 94*q = 4*m - 17714, 5*m = 3*q + 22147. What are the prime factors of m?
11, 13, 31
Suppose 0 = 13*v + 38 - 38. Suppose -26*s + 34*s - 9232 = v. What are the prime factors of s?
2, 577
Let z = 28267 + 3110. What are the prime factors of z?
3, 10459
Let u(g) = g**2 + 1. Let k(i) = 46*i**2 + 9*i. Let l(j) = k(j) - 5*u(j). What are the prime factors of l(6)?
5, 61
Let z = 1419 + -600. Suppose -4*d + 2575 - z = 0. List the prime factors of d.
439
Suppose -3*k + k + 46 = 5*p, -p - 3*k = -4. Suppose 0 = -2*o + 3*j + 10, -2*j = 3*j + p. Suppose -4*a + o*a + 94 = 0. List the prime factors of a.
47
Let d(r) = 208*r**2 + 220*r + 35. What are the prime factors of d(-8)?
11587
Let y = -11646 + 19998. List the prime factors of y.
2, 3, 29
List the prime factors of (-1982035)/(-40) - (2/6 + (-506)/1104).
3, 83, 199
What are the prime factors of (54567/36)/(129/172)?
43, 47
Let p = -13 - -7. Let f(c) = c**2 - c + 1. Let b be f(2). What are the prime factors of p*b*(244/(-24) - -3)?
3, 43
Suppose 0 = 90*f + 1817420 - 4905500. What are the prime factors of f?
2, 4289
Let v(f) = -35*f + 5. Let b = -216 + 212. List the prime factors of v(b).
5, 29
Let h(q) = 13*q - 3. Let b(i) = 26*i - 5. Let s(r) = 4*b(r) - 7*h(r). Let m be s(8). List the prime factors of 6/(-2) + m - 1.
101
Suppose 2*w - 6900 = -2*k, k + 3*w - 13798 = -3*k. List the prime factors of k.
2, 431
What are the prime factors of 0/3 - (-9 + -102106)/5?
13, 1571
Let k be (-6)/42 + (6996/21 - 3). Suppose -c = -k + 47. What are the prime factors of c?
283
Let p(x) = -x**3 + 15*x**2 + 23*x - 29. Let c be p(16). Let k = c - 81. Suppose 4*r - 12 = -2*l + 196, k*l - 232 = 2*r. List the prime factors of l.
2, 7
Let r = -117 + 127. Suppose -6*y + r*y = 916. What are the prime factors of y?
229
Let d = 192 + -321. Let g = -126 - d. Suppose -3*k + 6*k - 489 = -g*i, -3*i - 3 = 0. What are the prime factors of k?
2, 41
Suppose -452185 = 30*s - 1217908 - 815667. List the prime factors of s.
3, 5857
Suppose -8*y + 18*y = 2240. Let z = 196 + y. What are the prime factors of z?
2, 3, 5, 7
Suppose -5*l + 1715 = 2*d, -2*d - 3*l + 353 = -1368. Suppose -1615 = -8*i + d. What are the prime factors of i?
2, 5, 31
Let o = 2745 - 2022. What are the prime factors of o?
3, 241
Suppose -88 = -18*z + 51428. List the prime factors of (-5)/((-30)/z) + -4.
11, 43
List the prime factors of (1 + -11)*(-33)/(-110)*25609/(-3).
25609
Let u(l) = 3823*l**2 + 483*l + 967. List the prime factors of u(-2).
41, 373
Let o(s) = -2746*s + 396. What are the prime factors of o(-2)?
2, 23
Suppose -2*l - 4 - 14 = 0. Let o(s) = -s**3 + 54*s**2 - 51*s - 220. Let j be o(53). What are the prime factors of (-3)/l*(0 - j)?
2, 19
What are the prime factors of 182/2*49248/168?
2, 3, 13, 19
Let z be -8 + 4 - -3 - (-1 + 0). Suppose z = -3*j + 5*w + 2342, 0 = -0*j + 3*j + 4*w - 2306. Suppose 661 = 7*y - j. What are the prime factors of y?
5, 41
Let p(f) = 3*f**3 + 55*f**2 - 27*f + 28. What are the prime factors of p(-18)?
2, 419
Suppose -5*w - 146058 = -r, -4*w + r = -4*r + 116859. List the prime factors of w/26*(-6)/9.
7, 107
Let l = -106 - -205. Suppose 4*p = y - 2*y - 438, p + l = 5*y. List the prime factors of 2 - (-3 + 4)*1*p.
3, 37
List the prime factors of ((-21)/2)/(44/(-76912)).
2, 3, 7, 19, 23
Let t = -156 + 161. Suppose -5*d + 226 = -t*a - 689, -2*d + 363 = -3*a. What are the prime factors of d?
2, 3, 31
Let a(v) = v**3 + 30*v**2 + 31*v + 62. Let l be a(-29). Suppose 1489 - 3649 = -l*p. What are the prime factors of p?
2, 3, 5
Suppose 58*v - 162 = 67*v. List the prime factors of (57/9)/((-2)/v).
3, 19
Suppose 0 = 4*k + 20, -k = -5*g - 2*k + 265. Let y = g - -24. Suppose -b = b - y. What are the prime factors of b?
3, 13
Let u(p) = 937*p - 1171. What are the prime factors of u(8)?
5, 11, 23
Let k be (-8 - 0) + 11 + 2*172. Let z = 819 - k. List the prime factors of z.
2, 59
Let n(k) = -k**3 - 12*k**2 + 14*k - 19. Let v = 45 + -59. Let r be n(v). Suppose -3*s + r + 201 = 0. What are the prime factors of s?
2, 3, 7
Suppose 245582*h - 245559*h - 376303 = 0. What are the prime factors of h?
16361
Suppose -4*u + 5 = -b - 9*u, 3*u - 14 = -4*b. Let l = -1 + 6. Suppose -310 = -l*m + i, b*m = 2*i + 174 + 141. List the prime factors of m.
61
List the prime factors of (-3)/15 + (-5 - -9 - 3802/(-10)).
2, 3
Let i(z) = 20*z**2 + 2*z + 95. What are the prime factors of i(26)?
79, 173
Let h(d) = -18*d + 92. Let y be h(-32). Suppose -r =